2).
-6
Let s(p) = 4171*p + 116813. Calculate s(-28).
25
Let x(q) = -q**2 - 83322*q + 749984. Give x(9).
5
Let p(a) = -227303*a - 2045715. Calculate p(-9).
12
Let m(f) = f**3 + 58*f**2 + 600*f - 646. Determine m(-43).
1289
Let t(y) = 1713*y + 662942. Determine t(-387).
11
Let c(r) = -45*r**2 - 183*r - 139. Determine c(-1).
-1
Let q(p) = -p**2 - 28*p + 235. Calculate q(-36).
-53
Let b(i) = -i**2 + 210*i + 12704. Determine b(-49).
13
Let f(q) = -q**2 + 2159*q - 402325. Determine f(206).
-7
Let r(d) = -d**3 - 28*d**2 + 619*d + 17112. Give r(-29).
2
Let h(l) = -2*l**2 + 84*l + 911. Determine h(-9).
-7
Let u(b) = 1679*b + 219954. Give u(-131).
5
Let v(x) = 53*x**3 + 44*x**2 + 496*x + 456. Calculate v(-1).
-49
Let m(g) = 3731*g + 22487. What is m(-6)?
101
Let x(j) = 259*j - 25467. Give x(92).
-1639
Let j(z) = 2*z**3 + 47*z**2 + 2771*z + 63228. Calculate j(-23).
24
Let w(q) = -4353*q + 61032. Calculate w(14).
90
Let b(l) = -22198*l + 66473. Calculate b(3).
-121
Let u(r) = -163*r**2 - 245*r + 5. What is u(-2)?
-157
Let v(i) = i**3 + 36*i**2 + 132*i - 737. Give v(-8).
-1
Let j(r) = -25*r**3 + 168*r**2 + 10*r - 48. Give j(5).
1077
Let s(b) = 6*b**3 + 3*b**2 - 15*b - 31. Calculate s(-2).
-37
Let p(a) = -263*a + 21648. Give p(84).
-444
Let m(z) = 388*z**2 + 170719*z - 449. Determine m(-440).
-9
Let l(u) = u**2 - 2839*u + 19824. Give l(7).
0
Let p(a) = -2*a**2 - 55028*a + 1101348. Calculate p(20).
-12
Let i(d) = -35*d**2 + 511*d + 2916. Determine i(-6).
-1410
Let j(s) = 2502*s - 37536. Determine j(15).
-6
Let n(o) = 2*o**3 - 28*o**2 + 3088*o - 54225. Determine n(17).
5
Let i(v) = -56271*v - 5739641. What is i(-102)?
1
Let h(j) = 3*j**3 + 878*j**2 - 10398*j - 18847. Calculate h(-304).
1
Let r(l) = 180*l - 6951. Give r(39).
69
Let o(y) = y**3 + 51*y**2 - 259*y + 1274. What is o(-56)?
98
Let x(g) = g**3 - 62*g**2 + 735*g + 529. What is x(39)?
-5789
Let f(r) = r**3 + 207*r**2 - 11032*r + 3039. Calculate f(-251).
27
Let f(z) = -2656*z + 10269. Give f(2).
4957
Let d(h) = h**2 + 4609*h + 459694. What is d(-102)?
-20
Let x(a) = 3997*a + 264. Determine x(0).
264
Let o(p) = p**2 - 9*p + 239. Determine o(-17).
681
Let w(y) = 9*y**2 - 155*y - 108. Calculate w(11).
-724
Let j(l) = 20663*l - 82297. Determine j(4).
355
Let i(c) = c**3 + 97*c**2 - 133*c - 824. Calculate i(-98).
2606
Let h(d) = 91302*d + 6573759. Calculate h(-72).
15
Let l(c) = -4*c**3 + 10*c**2 + 9*c - 24. Determine l(-7).
1775
Let v(k) = -6*k**2 - 429*k - 4222. Give v(-12).
62
Let n(v) = -v**2 + 1306*v - 34542. Give n(27).
-9
Let a(w) = -19321*w - 560335. Calculate a(-29).
-26
Let h(g) = -g**2 - 1934*g - 479463. Give h(-292).
1
Let s(n) = -218*n - 50694. Determine s(-232).
-118
Let m(b) = -61*b - 14864. What is m(-241)?
-163
Let h(s) = 2*s**3 + 134*s**2 + 417*s - 24. Calculate h(-63).
5457
Let w(c) = 260*c**2 - 761*c + 3. What is w(3)?
60
Let o(l) = l**2 + 2134*l - 614513. Give o(257).
-26
Let c(l) = 2*l**3 - 1191*l**2 + 1962*l - 107076. Give c(594).
-156
Let r(h) = -30*h**2 - 2653*h + 7009. What is r(-91)?
2
Let z(d) = 1094*d + 3979. Calculate z(-4).
-397
Let v(x) = -x**3 + 26*x**2 - 362*x + 9669. Give v(27).
-834
Let u(p) = 6*p**3 - 27*p**2 + 49*p - 3. Determine u(3).
63
Let k(m) = 2*m**2 - 211*m - 8740. Determine k(-31).
-277
Let i(t) = -497*t**2 - 16404*t - 142. Calculate i(-33).
-43
Let t(a) = -2*a**2 - 21*a + 325. What is t(13)?
-286
Let h(t) = t**2 + 1376*t - 6986. Calculate h(5).
-81
Let k(x) = -316*x + 24953. What is k(88)?
-2855
Let y(z) = -2*z**3 - 348*z**2 - 347*z - 229. What is y(-173)?
-56
Let i(w) = 5*w**3 - 9*w**2 - 32*w - 57. Determine i(-3).
-177
Let x(u) = -1074*u + 12860. Calculate x(12).
-28
Let m(c) = -23*c**2 - 3936*c + 24451. What is m(6)?
7
Let z(s) = -8659*s + 3861874. What is z(446)?
-40
Let y(n) = 233619*n - 1868957. Give y(8).
-5
Let t(m) = 4188*m + 35011. What is t(-8)?
1507
Let g(s) = 2*s**3 + 11*s**2 + 6*s + 10. What is g(-7)?
-179
Let i(s) = -17*s**3 + 3*s**2 - 2872*s - 5749. Determine i(-2).
143
Let v(h) = -4027*h + 261749. Give v(65).
-6
Let s(x) = 700*x**2 + 18870*x - 795. Determine s(-27).
15
Let p(y) = -46*y**2 + 433*y - 16. Determine p(9).
155
Let l(s) = -9491*s - 711855. Calculate l(-75).
-30
Let g(v) = -2*v**2 + 1010*v - 6951. Determine g(7).
21
Let n(v) = -7372*v + 24003. Give n(3).
1887
Let d(f) = -f**2 + 2175*f - 21641. Calculate d(10).
9
Let p(x) = -x**3 + 35*x**2 - 76*x - 1489. What is p(31)?
-1
Let x(h) = -31*h**2 + 20222*h - 26684. Give x(651).
7
Let p(y) = -702*y**2 - 6139*y + 15. Calculate p(-9).
-1596
Let r(y) = y**3 - 300*y**2 + 463*y - 138898. Determine r(300).
2
Let q(g) = -4*g**3 + 2*g**2 - 483*g - 1963. Give q(-4).
257
Let t(u) = 28*u**2 - 2467*u + 1141. Determine t(87).
-1556
Let i(t) = 4446*t + 4454. Give i(-1).
8
Let k(r) = -32*r - 1627. Determine k(-30).
-667
Let m(x) = x**3 + 1101*x**2 + 42440*x - 2. Calculate m(-1061).
-2
Let n(b) = -1780*b**2 - 124529*b + 4964. What is n(-70)?
-6
Let y(d) = d**3 - 188*d**2 + 481*d - 22053. Give y(186).
-1779
Let k(l) = 4*l**2 - 1265*l + 1261. What is k(1)?
0
Let d(l) = 1744*l + 34838. Give d(-20).
-42
Let h(d) = 2*d**2 - 1704*d + 13496. Determine h(8).
-8
Let l(u) = 2*u**2 - 273*u - 178. Calculate l(138).
236
Let d(p) = -p**2 - 27651*p + 1107641. Calculate d(40).
1
Let s(r) = -21993*r**2 + 989684*r + 80. What is s(45)?
35
Let t(j) = j**2 + 27385*j + 1666757. What is t(-61)?
-7
Let h(n) = -n**3 - 47*n**2 + 603*n + 29799. Determine h(-46).
-55
Let p(v) = 2*v**2 - 1156*v + 162132. What is p(240)?
-108
Let o(a) = 2*a**3 - 141*a**2 + 973*a - 60. Calculate o(7).
528
Let n(y) = -y**2 - 16*y + 2633. Calculate n(-62).
-219
Let c(k) = k**2 + 191174*k - 2676596. Calculate c(14).
36
Let m(z) = -317*z**2 + 607*z - 1211. Determine m(2).
-1265
Let d(x) = -2*x**2 + 4842*x + 24234. Determine d(-5).
-26
Let o(i) = i**2 + 1149*i + 47919. What is o(-43)?
361
Let l(s) = -7*s**3 - 7674*s**2 - 100714*s + 5418. Calculate l(-1083).
3
Let h(z) = 909*z**3 + z**2 - 939*z - 939. What is h(-1)?
-908
Let t(q) = -2*q**3 + 23*q**2 + 20*q - 267. Determine t(11).
74
Let a(f) = -f**2 + 1852*f + 2257812. Give a(-839).
63
Let k(h) = -h**3 - 93*h**2 - 1286*h + 120. Calculate k(-76).
-336
Let t(g) = -g**3 - 11*g**2 - 397*g - 4909. Give t(-12).
-1
Let j(s) = s**3 + 2*s**2 - 3056*s - 66896. Calculate j(-34).
16
Let s(w) = 2*w**3 - 112*w**2 + 312*w + 161. Give s(53).
-157
Let c(p) = 609*p + 5439. Give c(-7).
1176
Let u(p) = 26*p - 136. Give u(11).
150
Let v(q) = -9595*q - 47957. Calculate v(-5).
18
Let x(a) = -806559*a + 6452480. Give x(8).
8
Let s(g) = 2*g**2 - 430*g - 24055. Determine s(-46).
-43
Let a(z) = 2*z**3 + 1042*z**2 + 4136*z + 1. Calculate a(-4).
1
Let s(v) = -v**3 + 24*v**2 - 168*v + 2188. Determine s(21).
-17
Let v(z) = -89*z - 173. Calculate v(7).
-796
Let s(x) = -423*x**2 + 3051*x + 303. Give s(7).
933
Let a(d) = 2*d**3 + 365*d**2 + 179*d - 354. What is a(-182)?
192
Let f(v) = -78*v - 1473. What is f(-8)?
-849
Let o(a) = 2*a**3 + 284*a**2 + 242*a - 5490. What is o(-141)?
150
Let s(b) = b**2 + 1708*b - 682009. What is s(334)?
19
Let y(m) = -5076*m + 1050740. Calculate y(207).
8
Let o(w) = 81*w + 9120. Give o(-85).
2235
Let h(f) = 1274*f - 272614. What is h(214)?
22
Let l(c) = 112*c**3 + 6*c**2 + 6*c - 7. Calculate l(1).
117
Let i(y) = 1733*y - 4973. Calculate i(1).
-3240
Let z(d) = 3*d**3 - 54*d**2 - 556*d + 8658. What is z(11)?
1
Let o(c) = -8*c**2 - 39*c + 5207. Give o(24).
-337
Let a(d) = -32*d**2 + 859*d - 1720. Calculate a(2).
-130
Let y(n) = 42*n**3 + 6*n**2 + 11*n - 117. Give y(4).
2711
Let f(g) = g**2 + 1000*g + 80182. Determine f(-88).
-74
Let h(f) = 88*f**2 - 8445*f - 63757. Give h(103).
0
Let o(f) = 1045*f + 13887. Give o(-13).
302
Let h(v) = -44*v**2 + 168*v - 12. Give h(3).
96
Let n(g) = -1912*g + 28683. Determine n(15).
3
Let g(p) = 10659*p + 127904. Determine g(-12).
-4
Let b(r) = 3*r**3 - 56*r**2 - 95*r + 170. Give b(20).
-130
Let i(d) = 17*d**2 + 72*d - 1328. Determine i(13).
2481
Let a(v) = -v**3 - 32*v**2 - 218*v + 12. What is a(-18)?
-600
Let r(w) = 47332*w + 2082599. Give r(-44).
-9
Let j(t) = -t**2 + 33938*t - 271446. What is j(8)?
-6
Let s(u) = 10585*u - 275303. Calculate s(26).
-93
Let l(p) = 1226*p + 205979. Determine l(-168).
11
Let b(u) = -126*u + 105. What is b(-8)?
1113
Let t(c) = c**3 + 191*c**2 - 216*c